[INFO] cloning repository https://github.com/invegat/gcd
[INFO] running `Command { std: "git" "-c" "credential.helper=" "-c" "credential.helper=/workspace/cargo-home/bin/git-credential-null" "clone" "--bare" "https://github.com/invegat/gcd" "/workspace/cache/git-repos/https%3A%2F%2Fgithub.com%2Finvegat%2Fgcd", kill_on_drop: false }`
[INFO] [stderr] Cloning into bare repository '/workspace/cache/git-repos/https%3A%2F%2Fgithub.com%2Finvegat%2Fgcd'...
[INFO] running `Command { std: "git" "rev-parse" "HEAD", kill_on_drop: false }`
[INFO] [stdout] 27f3731c8f92e100830ab9f88799692375e73d21
[INFO] building invegat/gcd against master#881c1ac408d93bb7adaa3a51dabab9266e82eee8 for issue-85264
[INFO] running `Command { std: "git" "clone" "/workspace/cache/git-repos/https%3A%2F%2Fgithub.com%2Finvegat%2Fgcd" "/workspace/builds/worker-0/source", kill_on_drop: false }`
[INFO] [stderr] Cloning into '/workspace/builds/worker-0/source'...
[INFO] [stderr] done.
[INFO] [stderr] Updating files:  47% (844/1762)
Updating files:  48% (846/1762)
Updating files:  49% (864/1762)
Updating files:  50% (881/1762)
Updating files:  51% (899/1762)
Updating files:  52% (917/1762)
Updating files:  53% (934/1762)
Updating files:  54% (952/1762)
Updating files:  55% (970/1762)
Updating files:  56% (987/1762)
Updating files:  57% (1005/1762)
Updating files:  58% (1022/1762)
Updating files:  59% (1040/1762)
Updating files:  60% (1058/1762)
Updating files:  61% (1075/1762)
Updating files:  62% (1093/1762)
Updating files:  62% (1094/1762)
Updating files:  63% (1111/1762)
Updating files:  64% (1128/1762)
Updating files:  65% (1146/1762)
Updating files:  66% (1163/1762)
Updating files:  67% (1181/1762)
Updating files:  68% (1199/1762)
Updating files:  68% (1200/1762)
Updating files:  69% (1216/1762)
Updating files:  70% (1234/1762)
Updating files:  71% (1252/1762)
Updating files:  72% (1269/1762)
Updating files:  72% (1273/1762)
Updating files:  73% (1287/1762)
Updating files:  74% (1304/1762)
Updating files:  75% (1322/1762)
Updating files:  76% (1340/1762)
Updating files:  77% (1357/1762)
Updating files:  78% (1375/1762)
Updating files:  79% (1392/1762)
Updating files:  79% (1401/1762)
Updating files:  80% (1410/1762)
Updating files:  81% (1428/1762)
Updating files:  82% (1445/1762)
Updating files:  83% (1463/1762)
Updating files:  84% (1481/1762)
Updating files:  85% (1498/1762)
Updating files:  86% (1516/1762)
Updating files:  87% (1533/1762)
Updating files:  88% (1551/1762)
Updating files:  89% (1569/1762)
Updating files:  90% (1586/1762)
Updating files:  91% (1604/1762)
Updating files:  92% (1622/1762)
Updating files:  93% (1639/1762)
Updating files:  94% (1657/1762)
Updating files:  95% (1674/1762)
Updating files:  96% (1692/1762)
Updating files:  96% (1700/1762)
Updating files:  97% (1710/1762)
Updating files:  98% (1727/1762)
Updating files:  99% (1745/1762)
Updating files: 100% (1762/1762)
Updating files: 100% (1762/1762), done.
[INFO] validating manifest of git repo https://github.com/invegat/gcd on toolchain 881c1ac408d93bb7adaa3a51dabab9266e82eee8
[INFO] running `Command { std: "/workspace/cargo-home/bin/cargo" "+881c1ac408d93bb7adaa3a51dabab9266e82eee8" "metadata" "--manifest-path" "Cargo.toml" "--no-deps", kill_on_drop: false }`
[INFO] started tweaking git repo https://github.com/invegat/gcd
[INFO] finished tweaking git repo https://github.com/invegat/gcd
[INFO] tweaked toml for git repo https://github.com/invegat/gcd written to /workspace/builds/worker-0/source/Cargo.toml
[INFO] crate git repo https://github.com/invegat/gcd already has a lockfile, it will not be regenerated
[INFO] running `Command { std: "/workspace/cargo-home/bin/cargo" "+881c1ac408d93bb7adaa3a51dabab9266e82eee8" "fetch" "--manifest-path" "Cargo.toml", kill_on_drop: false }`
[INFO] running `Command { std: "docker" "create" "-v" "/var/lib/crater-agent-workspace/builds/worker-0/target:/opt/rustwide/target:rw,Z" "-v" "/var/lib/crater-agent-workspace/builds/worker-0/source:/opt/rustwide/workdir:ro,Z" "-v" "/var/lib/crater-agent-workspace/cargo-home:/opt/rustwide/cargo-home:ro,Z" "-v" "/var/lib/crater-agent-workspace/rustup-home:/opt/rustwide/rustup-home:ro,Z" "-e" "SOURCE_DIR=/opt/rustwide/workdir" "-e" "CARGO_TARGET_DIR=/opt/rustwide/target" "-e" "CARGO_HOME=/opt/rustwide/cargo-home" "-e" "RUSTUP_HOME=/opt/rustwide/rustup-home" "-w" "/opt/rustwide/workdir" "-m" "1610612736" "--user" "0:0" "--network" "none" "ghcr.io/rust-lang/crates-build-env/linux@sha256:20528e8c29e4536546f0102ce88568b16ea7538393a33fcca951030f7af10457" "/opt/rustwide/cargo-home/bin/cargo" "+881c1ac408d93bb7adaa3a51dabab9266e82eee8" "metadata" "--no-deps" "--format-version=1", kill_on_drop: false }`
[INFO] [stderr] WARNING: Your kernel does not support swap limit capabilities or the cgroup is not mounted. Memory limited without swap.
[INFO] [stdout] 14c29fb3c997d1a7d090fcc7e440de6331536d2783f266e180f21428070f00d5
[INFO] running `Command { std: "docker" "start" "-a" "14c29fb3c997d1a7d090fcc7e440de6331536d2783f266e180f21428070f00d5", kill_on_drop: false }`
[INFO] running `Command { std: "docker" "inspect" "14c29fb3c997d1a7d090fcc7e440de6331536d2783f266e180f21428070f00d5", kill_on_drop: false }`
[INFO] running `Command { std: "docker" "rm" "-f" "14c29fb3c997d1a7d090fcc7e440de6331536d2783f266e180f21428070f00d5", kill_on_drop: false }`
[INFO] [stdout] 14c29fb3c997d1a7d090fcc7e440de6331536d2783f266e180f21428070f00d5
[INFO] running `Command { std: "docker" "create" "-v" "/var/lib/crater-agent-workspace/builds/worker-0/target:/opt/rustwide/target:rw,Z" "-v" "/var/lib/crater-agent-workspace/builds/worker-0/source:/opt/rustwide/workdir:ro,Z" "-v" "/var/lib/crater-agent-workspace/cargo-home:/opt/rustwide/cargo-home:ro,Z" "-v" "/var/lib/crater-agent-workspace/rustup-home:/opt/rustwide/rustup-home:ro,Z" "-e" "SOURCE_DIR=/opt/rustwide/workdir" "-e" "CARGO_TARGET_DIR=/opt/rustwide/target" "-e" "CARGO_INCREMENTAL=0" "-e" "RUST_BACKTRACE=full" "-e" "RUSTFLAGS=--cap-lints=forbid" "-e" "CARGO_HOME=/opt/rustwide/cargo-home" "-e" "RUSTUP_HOME=/opt/rustwide/rustup-home" "-w" "/opt/rustwide/workdir" "-m" "1610612736" "--user" "0:0" "--network" "none" "ghcr.io/rust-lang/crates-build-env/linux@sha256:20528e8c29e4536546f0102ce88568b16ea7538393a33fcca951030f7af10457" "/opt/rustwide/cargo-home/bin/cargo" "+881c1ac408d93bb7adaa3a51dabab9266e82eee8" "build" "--frozen" "--message-format=json", kill_on_drop: false }`
[INFO] [stderr] WARNING: Your kernel does not support swap limit capabilities or the cgroup is not mounted. Memory limited without swap.
[INFO] [stdout] 448393e6d8b585b01afb0d5c028d03e9380142163cdf51ef263c21ede6d1c11d
[INFO] running `Command { std: "docker" "start" "-a" "448393e6d8b585b01afb0d5c028d03e9380142163cdf51ef263c21ede6d1c11d", kill_on_drop: false }`
[INFO] [stderr]    Compiling hello v0.1.0 (/opt/rustwide/workdir)
[INFO] [stdout] error[E0432]: unresolved import `serde`
[INFO] [stdout]  --> src/main.rs:3:5
[INFO] [stdout]   |
[INFO] [stdout] 3 | use serde::Deserialize;
[INFO] [stdout]   |     ^^^^^ use of undeclared crate or module `serde`
[INFO] [stdout] 
[INFO] [stdout] 
[INFO] [stdout] error: cannot determine resolution for the derive macro `Deserialize`
[INFO] [stdout]   --> src/main.rs:17:10
[INFO] [stdout]    |
[INFO] [stdout] 17 | #[derive(Deserialize)]
[INFO] [stdout]    |          ^^^^^^^^^^^
[INFO] [stdout]    |
[INFO] [stdout]    = note: import resolution is stuck, try simplifying macro imports
[INFO] [stdout] 
[INFO] [stdout] 
[INFO] [stdout] error[E0433]: failed to resolve: use of undeclared type `HttpServer`
[INFO] [stdout]  --> src/main.rs:6:18
[INFO] [stdout]   |
[INFO] [stdout] 6 |     let server = HttpServer::new(|| {
[INFO] [stdout]   |                  ^^^^^^^^^^ use of undeclared type `HttpServer`
[INFO] [stdout] 
[INFO] [stdout] 
[INFO] [stdout] error[E0433]: failed to resolve: use of undeclared type `App`
[INFO] [stdout]  --> src/main.rs:7:9
[INFO] [stdout]   |
[INFO] [stdout] 7 |         App::new()
[INFO] [stdout]   |         ^^^ use of undeclared type `App`
[INFO] [stdout] 
[INFO] [stdout] 
[INFO] [stdout] error[E0433]: failed to resolve: use of undeclared crate or module `web`
[INFO] [stdout]  --> src/main.rs:8:25
[INFO] [stdout]   |
[INFO] [stdout] 8 |             .route("/", web::get().to(get_index))
[INFO] [stdout]   |                         ^^^ use of undeclared crate or module `web`
[INFO] [stdout] 
[INFO] [stdout] 
[INFO] [stdout] error[E0433]: failed to resolve: use of undeclared crate or module `web`
[INFO] [stdout]  --> src/main.rs:9:28
[INFO] [stdout]   |
[INFO] [stdout] 9 |             .route("/gcd", web::post().to(post_gcd))
[INFO] [stdout]   |                            ^^^ use of undeclared crate or module `web`
[INFO] [stdout] 
[INFO] [stdout] 
[INFO] [stdout] error[E0433]: failed to resolve: use of undeclared crate or module `web`
[INFO] [stdout]   --> src/main.rs:35:19
[INFO] [stdout]    |
[INFO] [stdout] 35 | fn post_gcd(form: web::Form<GcdParameters>) -> HttpResponse {
[INFO] [stdout]    |                   ^^^ use of undeclared crate or module `web`
[INFO] [stdout] 
[INFO] [stdout] 
[INFO] [stdout] error[E0433]: failed to resolve: use of undeclared type `HttpResponse`
[INFO] [stdout]   --> src/main.rs:37:16
[INFO] [stdout]    |
[INFO] [stdout] 37 |         return HttpResponse::BadRequest()
[INFO] [stdout]    |                ^^^^^^^^^^^^ use of undeclared type `HttpResponse`
[INFO] [stdout] 
[INFO] [stdout] 
[INFO] [stdout] error[E0433]: failed to resolve: use of undeclared type `HttpResponse`
[INFO] [stdout]   --> src/main.rs:46:5
[INFO] [stdout]    |
[INFO] [stdout] 46 |     HttpResponse::Ok()
[INFO] [stdout]    |     ^^^^^^^^^^^^ use of undeclared type `HttpResponse`
[INFO] [stdout] 
[INFO] [stdout] 
[INFO] [stdout] error[E0425]: cannot find value `get_index` in this scope
[INFO] [stdout]  --> src/main.rs:8:39
[INFO] [stdout]   |
[INFO] [stdout] 8 |             .route("/", web::get().to(get_index))
[INFO] [stdout]   |                                       ^^^^^^^^^ not found in this scope
[INFO] [stdout] 
[INFO] [stdout] 
[INFO] [stdout] error[E0412]: cannot find type `HttpResponse` in this scope
[INFO] [stdout]   --> src/main.rs:35:48
[INFO] [stdout]    |
[INFO] [stdout] 35 | fn post_gcd(form: web::Form<GcdParameters>) -> HttpResponse {
[INFO] [stdout]    |                                                ^^^^^^^^^^^^ not found in this scope
[INFO] [stdout] 
[INFO] [stdout] 
[INFO] [stdout] warning: unused import: `std::str::FromStr`
[INFO] [stdout]  --> src/main.rs:1:5
[INFO] [stdout]   |
[INFO] [stdout] 1 | use std::str::FromStr;
[INFO] [stdout]   |     ^^^^^^^^^^^^^^^^^
[INFO] [stdout]   |
[INFO] [stdout]   = note: `#[warn(unused_imports)]` on by default
[INFO] [stdout] 
[INFO] [stdout] 
[INFO] [stdout] warning: unused import: `std::env`
[INFO] [stdout]  --> src/main.rs:2:5
[INFO] [stdout]   |
[INFO] [stdout] 2 | use std::env;
[INFO] [stdout]   |     ^^^^^^^^
[INFO] [stdout] 
[INFO] [stdout] 
[INFO] [stdout] error: aborting due to 11 previous errors; 2 warnings emitted
[INFO] [stdout] 
[INFO] [stdout] 
[INFO] [stdout] Some errors have detailed explanations: E0412, E0425, E0432, E0433.
[INFO] [stdout] 
[INFO] [stdout] For more information about an error, try `rustc --explain E0412`.
[INFO] [stdout] 
[INFO] [stderr] error: could not compile `hello`
[INFO] [stderr] 
[INFO] [stderr] To learn more, run the command again with --verbose.
[INFO] running `Command { std: "docker" "inspect" "448393e6d8b585b01afb0d5c028d03e9380142163cdf51ef263c21ede6d1c11d", kill_on_drop: false }`
[INFO] running `Command { std: "docker" "rm" "-f" "448393e6d8b585b01afb0d5c028d03e9380142163cdf51ef263c21ede6d1c11d", kill_on_drop: false }`
[INFO] [stdout] 448393e6d8b585b01afb0d5c028d03e9380142163cdf51ef263c21ede6d1c11d
